{"id":88,"date":"2019-02-18T12:10:30","date_gmt":"2019-02-18T12:10:30","guid":{"rendered":"http:\/\/www.sblapp.it\/bussola\/?post_type=product&#038;p=88"},"modified":"2022-07-24T08:49:34","modified_gmt":"2022-07-24T08:49:34","slug":"long-island-ice-tea","status":"publish","type":"product","link":"https:\/\/www.bussolacocktaillab.it\/?product=long-island-ice-tea","title":{"rendered":"LONG ISLAND ICE TEA"},"content":{"rendered":"<p><a href=\"http:\/\/www.sblapp.it\/bussola\/wp-content\/uploads\/2019\/02\/it.png\"><img decoding=\"async\" loading=\"lazy\" class=\"alignnone wp-image-24\" src=\"http:\/\/www.sblapp.it\/bussola\/wp-content\/uploads\/2019\/02\/it-150x150.png\" alt=\"\" width=\"70\" height=\"70\" srcset=\"https:\/\/www.bussolacocktaillab.it\/wp-content\/uploads\/2019\/02\/it-150x150.png 150w, https:\/\/www.bussolacocktaillab.it\/wp-content\/uploads\/2019\/02\/it-100x100.png 100w, https:\/\/www.bussolacocktaillab.it\/wp-content\/uploads\/2019\/02\/it.png 217w\" sizes=\"(max-width: 70px) 100vw, 70px\" \/><\/a><\/p>\n<p>America! la patria della nascita della miscelazione che noi conosciamo.Questo drink nasce appunto a new york, sull\u2019isola chiamata \u201clong island\u201d data la sua forma lunga e stretta, il nome richiama l\u2019aspetto finale del drink, che somiglia molto ad un comune th\u00e8 freddo, alcune storie romanzate rimandano l\u2019invezione addirittura al proibizionismo, abbastanza inverosimilmente, data la difficolta di procurarsi anche una sola bottiglia di prodotti alcolici, figuriamoci 5! il drink d\u00e0 origine alla \u201cfamiglia\u201d dei long island, ricchissima di varianti.<\/p>\n<p>Ingredienti:<\/p>\n<ul>\n<li>gin<\/li>\n<li>vodka<\/li>\n<li>rum<\/li>\n<li>liquore d\u2019arancia<\/li>\n<li>cola<\/li>\n<li>la mano del barman<\/li>\n<\/ul>\n<p><a href=\"http:\/\/www.sblapp.it\/bussola\/wp-content\/uploads\/2019\/02\/ge.png\"><img decoding=\"async\" loading=\"lazy\" class=\"alignnone wp-image-25\" src=\"http:\/\/www.sblapp.it\/bussola\/wp-content\/uploads\/2019\/02\/ge-150x150.png\" alt=\"\" width=\"70\" height=\"70\" srcset=\"https:\/\/www.bussolacocktaillab.it\/wp-content\/uploads\/2019\/02\/ge-150x150.png 150w, https:\/\/www.bussolacocktaillab.it\/wp-content\/uploads\/2019\/02\/ge-100x100.png 100w, https:\/\/www.bussolacocktaillab.it\/wp-content\/uploads\/2019\/02\/ge.png 217w\" sizes=\"(max-width: 70px) 100vw, 70px\" \/><\/a><\/p>\n<p>Amerika! Die Geburtsst\u00e4tte der Cocktails, wie wir sie heute kennen.<\/p>\n<p>Dieser Cocktail entstand in der Tat in New York, auf der Insel \u201cLong Island\u201d.<\/p>\n<p>Der Name spiegelt sich auch im Aussehen des Drinks wieder, welcher zumindest \u00e4u\u00dferlich gro\u00dfe \u00c4hnlichkeit mit Eistee hat.<\/p>\n<p>Einige fiktive Geschichten f\u00fchren die Erfindung des Cocktails auf die Zeit der Prohibition zur\u00fcck, was allerdings eher unwahrscheinlich ist, da es bereits schwierig genug gewesen ist auch nur eine Sorte Alkohol zu beschaffen, geschweige denn f\u00fcnf!<\/p>\n<p>Zutaten:<\/p>\n<ul>\n<li>Gin<\/li>\n<li>Wodka<\/li>\n<li>Rum<\/li>\n<li>Orangenlik\u00f6r<\/li>\n<li>Cola<\/li>\n<li>\u2026Das Geschick des Barmanns<\/li>\n<\/ul>\n","protected":false},"excerpt":{"rendered":"<p>America! la patria della nascita della miscelazione che noi conosciamo.Questo drink nasce appunto a new york, sull\u2019isola chiamata \u201clong island\u201d data la sua forma lunga e stretta, il nome richiama l\u2019aspetto finale del drink, che somiglia molto ad un comune th\u00e8 freddo, alcune storie romanzate rimandano l\u2019invezione addirittura al proibizionismo, abbastanza inverosimilmente, data la difficolta [&#8230;]\n","protected":false},"featured_media":752,"template":"","meta":[],"_links":{"self":[{"href":"https:\/\/www.bussolacocktaillab.it\/index.php?rest_route=\/wp\/v2\/product\/88"}],"collection":[{"href":"https:\/\/www.bussolacocktaillab.it\/index.php?rest_route=\/wp\/v2\/product"}],"about":[{"href":"https:\/\/www.bussolacocktaillab.it\/index.php?rest_route=\/wp\/v2\/types\/product"}],"wp:featuredmedia":[{"embeddable":true,"href":"https:\/\/www.bussolacocktaillab.it\/index.php?rest_route=\/wp\/v2\/media\/752"}],"wp:attachment":[{"href":"https:\/\/www.bussolacocktaillab.it\/index.php?rest_route=%2Fwp%2Fv2%2Fmedia&parent=88"}],"curies":[{"name":"wp","href":"https:\/\/api.w.org\/{rel}","templated":true}]}}