{"id":873,"date":"2019-03-27T21:15:57","date_gmt":"2019-03-27T21:15:57","guid":{"rendered":"http:\/\/www.sblapp.it\/bussola\/?post_type=product&#038;p=873"},"modified":"2023-04-09T11:00:42","modified_gmt":"2023-04-09T11:00:42","slug":"whiskey-sour","status":"publish","type":"product","link":"https:\/\/www.bussolacocktaillab.it\/?product=whiskey-sour","title":{"rendered":"WHISKEY SOUR"},"content":{"rendered":"<p><a href=\"http:\/\/www.sblapp.it\/bussola\/wp-content\/uploads\/2019\/02\/it.png\"><img decoding=\"async\" loading=\"lazy\" class=\"alignnone wp-image-24\" src=\"http:\/\/www.sblapp.it\/bussola\/wp-content\/uploads\/2019\/02\/it-150x150.png\" alt=\"\" width=\"70\" height=\"70\" srcset=\"https:\/\/www.bussolacocktaillab.it\/wp-content\/uploads\/2019\/02\/it-150x150.png 150w, https:\/\/www.bussolacocktaillab.it\/wp-content\/uploads\/2019\/02\/it-100x100.png 100w, https:\/\/www.bussolacocktaillab.it\/wp-content\/uploads\/2019\/02\/it.png 217w\" sizes=\"(max-width: 70px) 100vw, 70px\" \/><\/a><\/p>\n<p>WHISKEY SOUR :<\/p>\n<p>affascinante combinazione di whiskey americano , molto morbido e superlativo nella miscelazione, con succo di limone della costiera amalfitana e sciroppo di zucchero, opportunamente dosati di modo tale da ottenere un cocktail morbido adatto sia come aperitivo che after dinner, reso ancora piu\u2019 piacevole dalla presenza di una piccola parte di albumina pastorizzata come prevede la legge, che dona al drink un aspetto corposo e con una piacevole schiumetta densa in sospensione capace di catturare tutti i profumi di questo storicissimo cocktail, nato intorno al 1872, e dal 1961 appartenente alla cocktail list dell\u2019 i.b.a. ( internacional bartender association ).<\/p>\n<p>INGREDIENTI:<\/p>\n<ul>\n<li>whiskey bourbon<\/li>\n<li>simple syrup<\/li>\n<li>succo limone fresco<\/li>\n<li>albumina pastorizzata<\/li>\n<li>\u2026\u2026la mano del barman.<\/li>\n<\/ul>\n<p><a href=\"http:\/\/www.sblapp.it\/bussola\/wp-content\/uploads\/2019\/02\/ge.png\"><img decoding=\"async\" loading=\"lazy\" class=\"alignnone wp-image-25\" src=\"http:\/\/www.sblapp.it\/bussola\/wp-content\/uploads\/2019\/02\/ge-150x150.png\" alt=\"\" width=\"70\" height=\"70\" srcset=\"https:\/\/www.bussolacocktaillab.it\/wp-content\/uploads\/2019\/02\/ge-150x150.png 150w, https:\/\/www.bussolacocktaillab.it\/wp-content\/uploads\/2019\/02\/ge-100x100.png 100w, https:\/\/www.bussolacocktaillab.it\/wp-content\/uploads\/2019\/02\/ge.png 217w\" sizes=\"(max-width: 70px) 100vw, 70px\" \/><\/a><\/p>\n<p>Faszinierende Kombination von \u00e4u\u00dferst zartem amerikanischem Whisky, Zitronensaft von der Amalfik\u00fcste und Zuckersirup. Sowohl als Aperitif, wie auch als Digestif zu empfehlen.<br \/>\nNoch angenehmer durch ein wenig pasteurisiertes Eiwei\u00df, welches dem Drink eine musartige Konsistenz verleiht, die alle D\u00fcfte und Aromen dieses historischen Cocktails einf\u00e4ngt.<br \/>\nEntstanden ist dieser Klassiker um das Jahr 1872 und wurde schlie\u00dflich 1961 in die offizielle Cocktailliste der IBA (International Bartenders Association) aufgenommen.<\/p>\n<p>Zutaten:<\/p>\n<ul>\n<li>Bourbon Whisky<\/li>\n<li>Simple Syrup<\/li>\n<li>frischer Zitronensaft<\/li>\n<li>pasteurisiertes Eiwei\u00df<\/li>\n<li>\u2026Das Geschick des Barmanns<\/li>\n<\/ul>\n<p>&nbsp;<\/p>\n","protected":false},"excerpt":{"rendered":"<p>WHISKEY SOUR : affascinante combinazione di whiskey americano , molto morbido e superlativo nella miscelazione, con succo di limone della costiera amalfitana e sciroppo di zucchero, opportunamente dosati di modo tale da ottenere un cocktail morbido adatto sia come aperitivo che after dinner, reso ancora piu\u2019 piacevole dalla presenza di una piccola parte di albumina [&#8230;]\n","protected":false},"featured_media":874,"template":"","meta":[],"_links":{"self":[{"href":"https:\/\/www.bussolacocktaillab.it\/index.php?rest_route=\/wp\/v2\/product\/873"}],"collection":[{"href":"https:\/\/www.bussolacocktaillab.it\/index.php?rest_route=\/wp\/v2\/product"}],"about":[{"href":"https:\/\/www.bussolacocktaillab.it\/index.php?rest_route=\/wp\/v2\/types\/product"}],"wp:featuredmedia":[{"embeddable":true,"href":"https:\/\/www.bussolacocktaillab.it\/index.php?rest_route=\/wp\/v2\/media\/874"}],"wp:attachment":[{"href":"https:\/\/www.bussolacocktaillab.it\/index.php?rest_route=%2Fwp%2Fv2%2Fmedia&parent=873"}],"curies":[{"name":"wp","href":"https:\/\/api.w.org\/{rel}","templated":true}]}}